{"id":5413,"date":"2021-09-19T20:17:47","date_gmt":"2021-09-19T19:17:47","guid":{"rendered":"https:\/\/parroquiasanjorge.es\/?page_id=5413"},"modified":"2023-09-22T09:12:41","modified_gmt":"2023-09-22T08:12:41","slug":"ninos-y-adolescentes","status":"publish","type":"page","link":"https:\/\/parroquiasanjorge.es\/?page_id=5413","title":{"rendered":"Ni\u00f1os y adolescentes"},"content":{"rendered":"\t\t<div data-elementor-type=\"wp-page\" data-elementor-id=\"5413\" class=\"elementor elementor-5413\">\n\t\t\t\t\t\t<section class=\"elementor-section elementor-top-section elementor-element elementor-element-ff68934 elementor-section-full_width elementor-section-stretched elementor-section-height-default elementor-section-height-default\" data-id=\"ff68934\" data-element_type=\"section\" data-settings=\"{&quot;stretch_section&quot;:&quot;section-stretched&quot;}\">\n\t\t\t\t\t\t<div class=\"elementor-container elementor-column-gap-no\">\n\t\t\t\t\t<div class=\"elementor-column elementor-col-100 elementor-top-column elementor-element elementor-element-f8e7d52\" data-id=\"f8e7d52\" data-element_type=\"column\">\n\t\t\t<div class=\"elementor-widget-wrap elementor-element-populated\">\n\t\t\t\t\t\t<div class=\"elementor-element elementor-element-7587f8e elementor-widget elementor-widget-image\" data-id=\"7587f8e\" data-element_type=\"widget\" data-widget_type=\"image.default\">\n\t\t\t\t<div class=\"elementor-widget-container\">\n\t\t\t<style>\/*! elementor - v3.20.0 - 11-03-2024 *\/\n.elementor-widget-image{text-align:center}.elementor-widget-image a{display:inline-block}.elementor-widget-image a img[src$=\".svg\"]{width:48px}.elementor-widget-image img{vertical-align:middle;display:inline-block}<\/style>\t\t\t\t\t\t\t\t\t\t<img fetchpriority=\"high\" decoding=\"async\" width=\"2560\" height=\"1655\" src=\"https:\/\/parroquiasanjorge.es\/wp-content\/uploads\/2021\/11\/IMG_3241-scaled.jpg\" class=\"attachment-full size-full wp-image-5785\" alt=\"\" \/>\t\t\t\t\t\t\t\t\t\t\t\t\t<\/div>\n\t\t\t\t<\/div>\n\t\t\t\t\t<\/div>\n\t\t<\/div>\n\t\t\t\t\t<\/div>\n\t\t<\/section>\n\t\t\t\t<section class=\"elementor-section elementor-top-section elementor-element elementor-element-7a3d1bd elementor-section-full_width elementor-section-height-default elementor-section-height-default\" data-id=\"7a3d1bd\" data-element_type=\"section\">\n\t\t\t\t\t\t<div class=\"elementor-container elementor-column-gap-default\">\n\t\t\t\t\t<div class=\"elementor-column elementor-col-100 elementor-top-column elementor-element elementor-element-b653220\" data-id=\"b653220\" data-element_type=\"column\">\n\t\t\t<div class=\"elementor-widget-wrap elementor-element-populated\">\n\t\t\t\t\t\t<div class=\"elementor-element elementor-element-ce4bf20 elementor-widget elementor-widget-heading\" data-id=\"ce4bf20\" data-element_type=\"widget\" data-widget_type=\"heading.default\">\n\t\t\t\t<div class=\"elementor-widget-container\">\n\t\t\t<style>\/*! elementor - v3.20.0 - 11-03-2024 *\/\n.elementor-heading-title{padding:0;margin:0;line-height:1}.elementor-widget-heading .elementor-heading-title[class*=elementor-size-]>a{color:inherit;font-size:inherit;line-height:inherit}.elementor-widget-heading .elementor-heading-title.elementor-size-small{font-size:15px}.elementor-widget-heading .elementor-heading-title.elementor-size-medium{font-size:19px}.elementor-widget-heading .elementor-heading-title.elementor-size-large{font-size:29px}.elementor-widget-heading .elementor-heading-title.elementor-size-xl{font-size:39px}.elementor-widget-heading .elementor-heading-title.elementor-size-xxl{font-size:59px}<\/style><h2 class=\"elementor-heading-title elementor-size-default\"><br>Ni\u00f1os y adolescentes<\/h2>\t\t<\/div>\n\t\t\t\t<\/div>\n\t\t\t\t\t<\/div>\n\t\t<\/div>\n\t\t\t\t\t<\/div>\n\t\t<\/section>\n\t\t\t\t<section class=\"elementor-section elementor-top-section elementor-element elementor-element-84b3b30 elementor-section-boxed elementor-section-height-default elementor-section-height-default\" data-id=\"84b3b30\" data-element_type=\"section\">\n\t\t\t\t\t\t<div class=\"elementor-container elementor-column-gap-default\">\n\t\t\t\t\t<div class=\"elementor-column elementor-col-50 elementor-top-column elementor-element elementor-element-4d5f138\" data-id=\"4d5f138\" data-element_type=\"column\">\n\t\t\t<div class=\"elementor-widget-wrap elementor-element-populated\">\n\t\t\t\t\t\t<div class=\"elementor-element elementor-element-8d26fe1 elementor-hidden-mobile elementor-widget elementor-widget-text-editor\" data-id=\"8d26fe1\" data-element_type=\"widget\" data-widget_type=\"text-editor.default\">\n\t\t\t\t<div class=\"elementor-widget-container\">\n\t\t\t<style>\/*! elementor - v3.20.0 - 11-03-2024 *\/\n.elementor-widget-text-editor.elementor-drop-cap-view-stacked .elementor-drop-cap{background-color:#69727d;color:#fff}.elementor-widget-text-editor.elementor-drop-cap-view-framed .elementor-drop-cap{color:#69727d;border:3px solid;background-color:transparent}.elementor-widget-text-editor:not(.elementor-drop-cap-view-default) .elementor-drop-cap{margin-top:8px}.elementor-widget-text-editor:not(.elementor-drop-cap-view-default) .elementor-drop-cap-letter{width:1em;height:1em}.elementor-widget-text-editor .elementor-drop-cap{float:left;text-align:center;line-height:1;font-size:50px}.elementor-widget-text-editor .elementor-drop-cap-letter{display:inline-block}<\/style>\t\t\t\t<h4>\u00abDejad que los ni\u00f1os se acerquen a m\u00ed, porque de ellos es el reino de los cielos.\u00bb<\/h4><p>\u00a0<\/p><p>\u00a0<\/p><p>\u00a0<\/p><p>\u00a0<\/p><p>\u00a0<\/p><h4>\u00abDonde dos o tres est\u00e1n\u00a0 reunidos en mi nombre, all\u00ed estoy yo en medio de ellos\u00bb<\/h4><p>\u00a0<\/p><p>\u00a0<\/p><p>\u00a0<\/p><p>\u00a0<\/p><h4>\u00abQue todos sean uno para que el mundo crea\u00bb<\/h4>\t\t\t\t\t\t<\/div>\n\t\t\t\t<\/div>\n\t\t\t\t\t<\/div>\n\t\t<\/div>\n\t\t\t\t<div class=\"elementor-column elementor-col-50 elementor-top-column elementor-element elementor-element-2a95a0c\" data-id=\"2a95a0c\" data-element_type=\"column\">\n\t\t\t<div class=\"elementor-widget-wrap elementor-element-populated\">\n\t\t\t\t\t\t<div class=\"elementor-element elementor-element-fc43567 elementor-widget elementor-widget-text-editor\" data-id=\"fc43567\" data-element_type=\"widget\" data-widget_type=\"text-editor.default\">\n\t\t\t\t<div class=\"elementor-widget-container\">\n\t\t\t\t\t\t\t<h5>CATEQUESIS DE COMUNI\u00d3N<\/h5><p>Martes de 17:30-18:30<\/p><p>A trav\u00e9s de formaci\u00f3n b\u00e1sica cristiana (oraciones, Biblia, catecismo) y un rato de oraci\u00f3n en la capilla, preparamos a los ni\u00f1os para recibir la primera comuni\u00f3n.<\/p><p>Comienzan en 2\u00b0 de Primaria (8 a\u00f1os) hasta 4\u00b0 de Primaria (10 a\u00f1os) donde reciben a Jes\u00fas. El segundo curso se les prepara para hacer la primera Confesi\u00f3n.<\/p><h5>\u00a0JUVENILES<\/h5><p>Viernes de 18:30 a 20:00<\/p><p>Grupos de catequesis entre 5\u00ba de Primaria y 2\u00ba de ESO, donde se busca continuar el crecimiento de la fe y consolidad la pertenencia a la comunidad parroquial.<\/p><p>Con juegos, formaci\u00f3n cristiana y oratorios, los preadolescentes disfrutan much\u00edsimo cada viernes.<\/p><h5>CATEQUESIS DE CONFIRMACI\u00d3N<\/h5><ul><li>1\u00ba Confirmaci\u00f3n: viernes de 16:30-18:00<\/li><li>2\u00ba Confirmaci\u00f3n: viernes de 17:00-18:30<\/li><li>3\u00ba Confirmaci\u00f3n: domingos de 17:30-19:00<\/li><\/ul><p>La Confirmaci\u00f3n es -junto con el Bautismo y la Eucarist\u00eda-, uno de los Sacramentos de la Iniciaci\u00f3n Cristiana.<\/p><p>La preparaci\u00f3n para la confirmaci\u00f3n son tres cursos: comienza en 3\u00ba de la ESO (15 a\u00f1os) y termina a principios de 2\u00ba de Bachillerato (17 a\u00f1os).<\/p>\t\t\t\t\t\t<\/div>\n\t\t\t\t<\/div>\n\t\t\t\t\t<\/div>\n\t\t<\/div>\n\t\t\t\t\t<\/div>\n\t\t<\/section>\n\t\t\t\t<\/div>\n\t\t","protected":false},"excerpt":{"rendered":"<p>Ni\u00f1os y adolescentes \u00abDejad que los ni\u00f1os se acerquen a m\u00ed, porque de ellos es el reino de los cielos.\u00bb \u00a0 \u00a0 \u00a0 \u00a0 \u00a0 \u00abDonde dos&hellip;<\/p>\n","protected":false},"author":8,"featured_media":0,"parent":5356,"menu_order":0,"comment_status":"closed","ping_status":"closed","template":"elementor_theme","meta":{"_monsterinsights_skip_tracking":false,"_monsterinsights_sitenote_active":false,"_monsterinsights_sitenote_note":"","_monsterinsights_sitenote_category":0,"footnotes":""},"rttpg_featured_image_url":null,"rttpg_author":{"display_name":"Alba Arag\u00f3n S\u00e1nchez","author_link":"https:\/\/parroquiasanjorge.es\/?author=8"},"rttpg_comment":0,"rttpg_category":null,"rttpg_excerpt":"Ni\u00f1os y adolescentes \u00abDejad que los ni\u00f1os se acerquen a m\u00ed, porque de ellos es el reino de los cielos.\u00bb \u00a0 \u00a0 \u00a0 \u00a0 \u00a0 \u00abDonde dos&hellip;","_links":{"self":[{"href":"https:\/\/parroquiasanjorge.es\/index.php?rest_route=\/wp\/v2\/pages\/5413"}],"collection":[{"href":"https:\/\/parroquiasanjorge.es\/index.php?rest_route=\/wp\/v2\/pages"}],"about":[{"href":"https:\/\/parroquiasanjorge.es\/index.php?rest_route=\/wp\/v2\/types\/page"}],"author":[{"embeddable":true,"href":"https:\/\/parroquiasanjorge.es\/index.php?rest_route=\/wp\/v2\/users\/8"}],"replies":[{"embeddable":true,"href":"https:\/\/parroquiasanjorge.es\/index.php?rest_route=%2Fwp%2Fv2%2Fcomments&post=5413"}],"version-history":[{"count":31,"href":"https:\/\/parroquiasanjorge.es\/index.php?rest_route=\/wp\/v2\/pages\/5413\/revisions"}],"predecessor-version":[{"id":6449,"href":"https:\/\/parroquiasanjorge.es\/index.php?rest_route=\/wp\/v2\/pages\/5413\/revisions\/6449"}],"up":[{"embeddable":true,"href":"https:\/\/parroquiasanjorge.es\/index.php?rest_route=\/wp\/v2\/pages\/5356"}],"wp:attachment":[{"href":"https:\/\/parroquiasanjorge.es\/index.php?rest_route=%2Fwp%2Fv2%2Fmedia&parent=5413"}],"curies":[{"name":"wp","href":"https:\/\/api.w.org\/{rel}","templated":true}]}}

Niños y adolescentes

<div data-elementor-type="wp-page" data-elementor-id="5413" class="elementor elementor-5413">
						<section class="elementor-section elementor-top-section elementor-element elementor-element-ff68934 elementor-section-full_width elementor-section-stretched elementor-section-height-default elementor-section-height-default" data-id="ff68934" data-element_type="section" data-settings="{&quot;stretch_section&quot;:&quot;section-stretched&quot;}">
						<div class="elementor-container elementor-column-gap-no">
					<div class="elementor-column elementor-col-100 elementor-top-column elementor-element elementor-element-f8e7d52" data-id="f8e7d52" data-element_type="column">
			<div class="elementor-widget-wrap elementor-element-populated">
						<div class="elementor-element elementor-element-7587f8e elementor-widget elementor-widget-image" data-id="7587f8e" data-element_type="widget" data-widget_type="image.default">
				<div class="elementor-widget-container">
			<style>/*! elementor - v3.20.0 - 11-03-2024 */
.elementor-widget-image{text-align:center}.elementor-widget-image a{display:inline-block}.elementor-widget-image a img[src$=".svg"]{width:48px}.elementor-widget-image img{vertical-align:middle;display:inline-block}</style>										<img fetchpriority="high" decoding="async" width="2560" height="1655" src="https://parroquiasanjorge.es/wp-content/uploads/2021/11/IMG_3241-scaled.jpg" class="attachment-full size-full wp-image-5785" alt="" />													</div>
				</div>
					</div>
		</div>
					</div>
		</section>
				<section class="elementor-section elementor-top-section elementor-element elementor-element-7a3d1bd elementor-section-full_width elementor-section-height-default elementor-section-height-default" data-id="7a3d1bd" data-element_type="section">
						<div class="elementor-container elementor-column-gap-default">
					<div class="elementor-column elementor-col-100 elementor-top-column elementor-element elementor-element-b653220" data-id="b653220" data-element_type="column">
			<div class="elementor-widget-wrap elementor-element-populated">
						<div class="elementor-element elementor-element-ce4bf20 elementor-widget elementor-widget-heading" data-id="ce4bf20" data-element_type="widget" data-widget_type="heading.default">
				<div class="elementor-widget-container">
			<style>/*! elementor - v3.20.0 - 11-03-2024 */
.elementor-heading-title{padding:0;margin:0;line-height:1}.elementor-widget-heading .elementor-heading-title[class*=elementor-size-]>a{color:inherit;font-size:inherit;line-height:inherit}.elementor-widget-heading .elementor-heading-title.elementor-size-small{font-size:15px}.elementor-widget-heading .elementor-heading-title.elementor-size-medium{font-size:19px}.elementor-widget-heading .elementor-heading-title.elementor-size-large{font-size:29px}.elementor-widget-heading .elementor-heading-title.elementor-size-xl{font-size:39px}.elementor-widget-heading .elementor-heading-title.elementor-size-xxl{font-size:59px}</style><h2 class="elementor-heading-title elementor-size-default"><br>Niños y adolescentes</h2>		</div>
				</div>
					</div>
		</div>
					</div>
		</section>
				<section class="elementor-section elementor-top-section elementor-element elementor-element-84b3b30 elementor-section-boxed elementor-section-height-default elementor-section-height-default" data-id="84b3b30" data-element_type="section">
						<div class="elementor-container elementor-column-gap-default">
					<div class="elementor-column elementor-col-50 elementor-top-column elementor-element elementor-element-4d5f138" data-id="4d5f138" data-element_type="column">
			<div class="elementor-widget-wrap elementor-element-populated">
						<div class="elementor-element elementor-element-8d26fe1 elementor-hidden-mobile elementor-widget elementor-widget-text-editor" data-id="8d26fe1" data-element_type="widget" data-widget_type="text-editor.default">
				<div class="elementor-widget-container">
			<style>/*! elementor - v3.20.0 - 11-03-2024 */
.elementor-widget-text-editor.elementor-drop-cap-view-stacked .elementor-drop-cap{background-color:#69727d;color:#fff}.elementor-widget-text-editor.elementor-drop-cap-view-framed .elementor-drop-cap{color:#69727d;border:3px solid;background-color:transparent}.elementor-widget-text-editor:not(.elementor-drop-cap-view-default) .elementor-drop-cap{margin-top:8px}.elementor-widget-text-editor:not(.elementor-drop-cap-view-default) .elementor-drop-cap-letter{width:1em;height:1em}.elementor-widget-text-editor .elementor-drop-cap{float:left;text-align:center;line-height:1;font-size:50px}.elementor-widget-text-editor .elementor-drop-cap-letter{display:inline-block}</style>				<h4>«Dejad que los niños se acerquen a mí, porque de ellos es el reino de los cielos.»</h4><p> </p><p> </p><p> </p><p> </p><p> </p><h4>«Donde dos o tres están  reunidos en mi nombre, allí estoy yo en medio de ellos»</h4><p> </p><p> </p><p> </p><p> </p><h4>«Que todos sean uno para que el mundo crea»</h4>						</div>
				</div>
					</div>
		</div>
				<div class="elementor-column elementor-col-50 elementor-top-column elementor-element elementor-element-2a95a0c" data-id="2a95a0c" data-element_type="column">
			<div class="elementor-widget-wrap elementor-element-populated">
						<div class="elementor-element elementor-element-fc43567 elementor-widget elementor-widget-text-editor" data-id="fc43567" data-element_type="widget" data-widget_type="text-editor.default">
				<div class="elementor-widget-container">
							<h5>CATEQUESIS DE COMUNIÓN</h5><p>Martes de 17:30-18:30</p><p>A través de formación básica cristiana (oraciones, Biblia, catecismo) y un rato de oración en la capilla, preparamos a los niños para recibir la primera comunión.</p><p>Comienzan en 2° de Primaria (8 años) hasta 4° de Primaria (10 años) donde reciben a Jesús. El segundo curso se les prepara para hacer la primera Confesión.</p><h5> JUVENILES</h5><p>Viernes de 18:30 a 20:00</p><p>Grupos de catequesis entre 5º de Primaria y 2º de ESO, donde se busca continuar el crecimiento de la fe y consolidad la pertenencia a la comunidad parroquial.</p><p>Con juegos, formación cristiana y oratorios, los preadolescentes disfrutan muchísimo cada viernes.</p><h5>CATEQUESIS DE CONFIRMACIÓN</h5><ul><li>1º Confirmación: viernes de 16:30-18:00</li><li>2º Confirmación: viernes de 17:00-18:30</li><li>3º Confirmación: domingos de 17:30-19:00</li></ul><p>La Confirmación es -junto con el Bautismo y la Eucaristía-, uno de los Sacramentos de la Iniciación Cristiana.</p><p>La preparación para la confirmación son tres cursos: comienza en 3º de la ESO (15 años) y termina a principios de 2º de Bachillerato (17 años).</p>						</div>
				</div>
					</div>
		</div>
					</div>
		</section>
				</div>

<p>Niños y adolescentes «Dejad que los niños se acerquen a mí, porque de ellos es el reino de los cielos.»           «Donde dos&hellip;</p>

Alba Aragón Sánchez

Niños y adolescentes «Dejad que los niños se acerquen a mí, porque de ellos es el reino de los cielos.»           «Donde dos&hellip;
